{"id":6649,"date":"2024-03-12T00:18:02","date_gmt":"2024-03-11T23:18:02","guid":{"rendered":"https:\/\/www.rmch.es\/?page_id=6649"},"modified":"2024-03-12T00:27:18","modified_gmt":"2024-03-11T23:27:18","slug":"capitulo-general-de-la-maestranza-de-caballeria-de-la-habana","status":"publish","type":"page","link":"https:\/\/www.rmch.es\/index.php\/capitulo-general-de-la-maestranza-de-caballeria-de-la-habana\/","title":{"rendered":"CAP\u00cdTULO GENERAL DE LA MAESTRANZA DE CABALLER\u00cdA DE LA HABANA"},"content":{"rendered":"\n[et_pb_section fb_built=&#8221;1&#8243; theme_builder_area=&#8221;post_content&#8221; _builder_version=&#8221;4.24.0&#8243; _module_preset=&#8221;default&#8221; hover_enabled=&#8221;0&#8243; sticky_enabled=&#8221;0&#8243;][et_pb_row _builder_version=&#8221;4.24.0&#8243; _module_preset=&#8221;default&#8221; theme_builder_area=&#8221;post_content&#8221;][et_pb_column _builder_version=&#8221;4.24.0&#8243; _module_preset=&#8221;default&#8221; type=&#8221;4_4&#8243; theme_builder_area=&#8221;post_content&#8221;][et_pb_image src=&#8221;https:\/\/www.rmch.es\/wp-content\/uploads\/2019\/11\/cropped-LOGO-MAESTRANZA-HABANA-pequen\u0303o.jpg&#8221; _builder_version=&#8221;4.24.0&#8243; _module_preset=&#8221;default&#8221; theme_builder_area=&#8221;post_content&#8221; title_text=&#8221;cropped-LOGO-MAESTRANZA-HABANA-pequen\u0303o.jpg&#8221; hover_enabled=&#8221;0&#8243; sticky_enabled=&#8221;0&#8243; align=&#8221;center&#8221;][\/et_pb_image][\/et_pb_column][\/et_pb_row][et_pb_row _builder_version=&#8221;4.24.0&#8243; _module_preset=&#8221;default&#8221; theme_builder_area=&#8221;post_content&#8221;][et_pb_column _builder_version=&#8221;4.24.0&#8243; _module_preset=&#8221;default&#8221; type=&#8221;4_4&#8243; theme_builder_area=&#8221;post_content&#8221;][et_pb_image src=&#8221;https:\/\/www.rmch.es\/wp-content\/uploads\/2024\/03\/PHOTO-2024-03-11-20-52-00.jpg&#8221; _builder_version=&#8221;4.24.0&#8243; _module_preset=&#8221;default&#8221; theme_builder_area=&#8221;post_content&#8221; title_text=&#8221;PHOTO-2024-03-11-20-52-00&#8243; hover_enabled=&#8221;0&#8243; sticky_enabled=&#8221;0&#8243;][\/et_pb_image][et_pb_text _builder_version=&#8221;4.24.0&#8243; _module_preset=&#8221;default&#8221; theme_builder_area=&#8221;post_content&#8221; hover_enabled=&#8221;0&#8243; sticky_enabled=&#8221;0&#8243;]<h1 style=\"text-align: center;\">CAP\u00cdTULO GENERAL DE LA MAESTRANZA DE CABALLER\u00cdA DE LA HABANA<\/h1>\n<h2 style=\"text-align: center;\"><em>24 de Febrero de 2024<\/em><\/h2>\n<h3 style=\"text-align: center;\">EN MIAMI, FLORIDA<\/h3>[\/et_pb_text][\/et_pb_column][\/et_pb_row][et_pb_row _builder_version=&#8221;4.24.0&#8243; _module_preset=&#8221;default&#8221; column_structure=&#8221;1_2,1_2&#8243; theme_builder_area=&#8221;post_content&#8221;][et_pb_column _builder_version=&#8221;4.24.0&#8243; _module_preset=&#8221;default&#8221; type=&#8221;1_2&#8243; theme_builder_area=&#8221;post_content&#8221;][et_pb_image src=&#8221;https:\/\/www.rmch.es\/wp-content\/uploads\/2024\/03\/PHOTO-2024-03-11-20-52-01-2.jpg&#8221; _builder_version=&#8221;4.24.0&#8243; _module_preset=&#8221;default&#8221; theme_builder_area=&#8221;post_content&#8221; title_text=&#8221;PHOTO-2024-03-11-20-52-01 2&#8243; hover_enabled=&#8221;0&#8243; sticky_enabled=&#8221;0&#8243;][\/et_pb_image][\/et_pb_column][et_pb_column _builder_version=&#8221;4.24.0&#8243; _module_preset=&#8221;default&#8221; type=&#8221;1_2&#8243; theme_builder_area=&#8221;post_content&#8221;][et_pb_text _builder_version=&#8221;4.24.0&#8243; _module_preset=&#8221;default&#8221; theme_builder_area=&#8221;post_content&#8221; text_font=&#8221;Arial|600|||||||&#8221; hover_enabled=&#8221;0&#8243; sticky_enabled=&#8221;0&#8243;]<p>&nbsp;<\/p>\n<p>&nbsp;<\/p>\n<p>&nbsp;<\/p>\n<p>&nbsp;<\/p>\n<p>En la magn\u00edfica residencia de S.E. D. Lu\u00eds de la Vega y de C\u00e1rdenas, Marqu\u00e9s de Almendares, de Bellavista y de Campo Florido, Teniente de Hermano Mayor de la Real Maestranza de Caballer\u00eda de La Habana, se ha celebrado el pasado d\u00eda 24 de febrero, el Cap\u00edtulo y acto de investidura en esta ciudad de los nuevos Caballeros y Damas de la citada Real Maestranza, con de Caballer\u00eda de La Habana, bajo la organizaci\u00f3n de su Secretario General, S.E. D. Manuel Mar\u00eda Rodr\u00edguez de Maribona y D\u00e1vila, Conde de Alba.<\/p>\n<p>Comenz\u00f3 la ceremonia sirvi\u00e9ndose un c\u00f3ctel de bienvenida, por cortes\u00eda del Sr. Marqu\u00e9s de Almendares, a todos los asistentes.<\/p>[\/et_pb_text][\/et_pb_column][\/et_pb_row][et_pb_row _builder_version=&#8221;4.24.0&#8243; _module_preset=&#8221;default&#8221; column_structure=&#8221;1_2,1_2&#8243; theme_builder_area=&#8221;post_content&#8221;][et_pb_column _builder_version=&#8221;4.24.0&#8243; _module_preset=&#8221;default&#8221; type=&#8221;1_2&#8243; theme_builder_area=&#8221;post_content&#8221;][et_pb_text _builder_version=&#8221;4.24.0&#8243; _module_preset=&#8221;default&#8221; theme_builder_area=&#8221;post_content&#8221; text_font=&#8221;Arial|700|||||||&#8221; hover_enabled=&#8221;0&#8243; sticky_enabled=&#8221;0&#8243;]<p>&nbsp;<\/p>\n<p>&nbsp;<\/p>\n<p>A continuaci\u00f3n, el Maestro de Ceremonias de la Corporaci\u00f3n, el Ilmo. Sr. D. Lu\u00eds de al Vega y Salazar, se dirigi\u00f3 a todos los asistentes, abriendo el Cap\u00edtulo, para dar la palabra a su padre, el Sr. Marqu\u00e9s de Almendares, Teniente de Hermano Mayor, que realiz\u00f3 un bello y docto discurso, sobre aspectos desconocidos en relaci\u00f3n a los or\u00edgenes de esta Real Maestranza de Caballer\u00eda de La Habana. <\/p>[\/et_pb_text][\/et_pb_column][et_pb_column _builder_version=&#8221;4.24.0&#8243; _module_preset=&#8221;default&#8221; type=&#8221;1_2&#8243; theme_builder_area=&#8221;post_content&#8221;][et_pb_image src=&#8221;https:\/\/www.rmch.es\/wp-content\/uploads\/2024\/03\/PHOTO-2024-03-11-20-52-00-2.jpg&#8221; _builder_version=&#8221;4.24.0&#8243; _module_preset=&#8221;default&#8221; theme_builder_area=&#8221;post_content&#8221; title_text=&#8221;PHOTO-2024-03-11-20-52-00 2&#8243; hover_enabled=&#8221;0&#8243; sticky_enabled=&#8221;0&#8243;][\/et_pb_image][\/et_pb_column][\/et_pb_row][et_pb_row _builder_version=&#8221;4.24.0&#8243; _module_preset=&#8221;default&#8221; column_structure=&#8221;1_2,1_2&#8243; theme_builder_area=&#8221;post_content&#8221;][et_pb_column _builder_version=&#8221;4.24.0&#8243; _module_preset=&#8221;default&#8221; type=&#8221;1_2&#8243; theme_builder_area=&#8221;post_content&#8221;][et_pb_image src=&#8221;https:\/\/www.rmch.es\/wp-content\/uploads\/2024\/03\/PHOTO-2024-03-11-20-52-01-4.jpg&#8221; _builder_version=&#8221;4.24.0&#8243; _module_preset=&#8221;default&#8221; theme_builder_area=&#8221;post_content&#8221; title_text=&#8221;PHOTO-2024-03-11-20-52-01 4&#8243; hover_enabled=&#8221;0&#8243; sticky_enabled=&#8221;0&#8243;][\/et_pb_image][\/et_pb_column][et_pb_column _builder_version=&#8221;4.24.0&#8243; _module_preset=&#8221;default&#8221; type=&#8221;1_2&#8243; theme_builder_area=&#8221;post_content&#8221;][et_pb_image src=&#8221;https:\/\/www.rmch.es\/wp-content\/uploads\/2024\/03\/PHOTO-2024-03-11-20-52-01-6.jpg&#8221; _builder_version=&#8221;4.24.0&#8243; _module_preset=&#8221;default&#8221; theme_builder_area=&#8221;post_content&#8221; title_text=&#8221;PHOTO-2024-03-11-20-52-01 6&#8243; hover_enabled=&#8221;0&#8243; sticky_enabled=&#8221;0&#8243;][\/et_pb_image][\/et_pb_column][\/et_pb_row][et_pb_row _builder_version=&#8221;4.24.0&#8243; _module_preset=&#8221;default&#8221; theme_builder_area=&#8221;post_content&#8221;][et_pb_column _builder_version=&#8221;4.24.0&#8243; _module_preset=&#8221;default&#8221; type=&#8221;4_4&#8243; theme_builder_area=&#8221;post_content&#8221;][et_pb_text _builder_version=&#8221;4.24.0&#8243; _module_preset=&#8221;default&#8221; theme_builder_area=&#8221;post_content&#8221; text_font=&#8221;Arial|700|||||||&#8221; hover_enabled=&#8221;0&#8243; sticky_enabled=&#8221;0&#8243;]<p>Seguidamente el Reverendo Padre D. Francisco Heria, hizo una emotiva invocaci\u00f3n religiosa y bendijo las medallas que se impondr\u00edan a los nuevos Caballeros y Damas.<\/p>\n<p>Tomando de nuevo la palabra el Sr. Maestro de Ceremonias, comenz\u00f3 a llamar a los nuevos Caballeros y Damas que realizar\u00eda su juramento de ingreso, y que fueron los siguientes.<\/p>\n<p>Como Caballeros Maestrantes:<\/p>\n<ul>\n<li>El lmo. Sr. D. Eduardo Mart\u00ednez-Dubouchet, Conde de Casa Bayona, Marqu\u00e9s de Arcos y Conde de Santa Mar\u00eda de Loreto, apadrinado por el Ilmo. Sr. D. Rafael Tovar y L\u00f3pez-Portillo, Conde de Gustarredondo;<\/li>\n<li>El Ilmo. Sr. D. Andr\u00e9s Garc\u00eda Carvajal. apadrinado por el Excmo. Sr. D. Manuel Mar\u00eda Rodr\u00edguez de Maribona y D\u00e1vila, Conde de Alba;<\/li>\n<li>El Ilmo. Sr. D. Antonio de Sotomayor y Carlo, apadrinado por el Ilmo. Sr. D. Bernardo P\u00e9rez de Buerres y Ram\u00edrez;<\/li>\n<li>El Ilmo. Sr. D. Juan Camilo Arango Mill\u00e1n, apadrinado por el Excmo. Sr. D. Manuel Mar\u00eda Rodr\u00edguez de Maribona y D\u00e1vila, Conde de Alba.<\/li>\n<\/ul>\n<p>Como Maestrantes de Hermandad:<\/p>\n<ul>\n<li>El Ilmo. Sr. D. Fernando Munilla Iglesias, apadrinado por el Ilmo. Sr. D. Lu\u00eds de la Vega y Salazar;<\/li>\n<li>El Ilmo. Sr. D. F\u00e9lix Alberto Ortiz y Toro, apadrinado por el Ilmo. Sr. D. Justo Otero y del Castillo;<\/li>\n<li>El Ilmo. Sr. D. Gustavo Ferrer Gonz\u00e1lez, apadrinado por el Ilmo. Sr. D. Mike de C\u00e1rdenas y Nieto;<\/li>\n<li>El Ilmo. Sr. D. Juan Jos\u00e9 Calvo y de Dios, apadrinado por el Ilmo. Sr. D. Mike de C\u00e1rdenas y Nieto;<\/li>\n<li>El Ilmo. Sr. D. Jos\u00e9 Lu\u00eds Fulgueira Ortiz, apadrinado por el Ilmo. Sr. D. George Alessandri;<\/li>\n<li>El Ilmo. Sr. D. Daniel Santos Cori, apadrinado por el Ilmo. Sr. D. George Alessandri;<\/li>\n<li>El Ilmo. Sr. D. Pedro Mart\u00ednez-Clark; apadrinado por el Ilmo. Sr. D. Mike de C\u00e1rdenas y Nieto;<\/li>\n<li>El Ilmo. Sr. D. Mario Lorenzo Echevarr\u00eda M\u00e1rquez, apadrinado por el Ilmo. Sr. D. George Alessandri;<\/li>\n<li>El Ilmo. Sr. D. Vicente Fern\u00e1ndez \u00c1lamo, apadrinado por el Ilmo. Sr. D. George Alessandri;<\/li>\n<li>El Ilmo. Sr. D. Juan Antonio Said Battah, apadrinado por el Ilmo. Sr. D. George Alessandri;<\/li>\n<li>El Ilmo. Sr. D. Roberto Garc\u00eda Cebri\u00e1n. apadrinado por el Ilmo. Sr. D. George Alessandri.<\/li>\n<\/ul>\n<p>Y finalmente como Damas Maestrantes:<\/p>\n<ul>\n<li>La Ilma. Sra. D\u00aa M\u00aa del Carmen Victoria Morones Dosamantes de Barkan, Condesa de la Valenciana, amadrinada por la Ilma. Sra. D\u00aa Mar\u00eda Granados y Asensio, Marquesa de Torre Hoyos;<\/li>\n<li>La Ilma. Sra. D\u00aa M\u00aa de la Concepci\u00f3n D\u00edaz-Rato y de Balbona, representada por la Ilma. Sra. D\u00aa Natalia de la Vega y Salazar, y amadrinada por la Ilma. Sra. D\u00aa Patricia Alcaraz Granados.<\/li>\n<\/ul>\n<p>Finalmente el Sr. Maestro de Ceremonias, D. Lu\u00eds de la Vega y Salazar, dio la palabra al Sr. Secretario General, D. Manuel Rodr\u00edguez de Maribona, Conde de Alba, el cual felicit\u00f3 en nombre del Sr. Teniente de Hermano Mayor y de toda la Junta de Gobierno, a los nuevos Caballeros y Damas, agradeciendo adem\u00e1s a todos los asistentes su presencia en los actos que se estaban celebrando, para continuar con una breve semblanza sobre los or\u00edgenes y la historia de la Real Maestranza de Caballer\u00eda de La Habana, fundada en 1709, as\u00ed como de sus objetivos, proyectos y su hoja de ruta.<\/p>[\/et_pb_text][\/et_pb_column][\/et_pb_row][et_pb_row _builder_version=&#8221;4.24.0&#8243; _module_preset=&#8221;default&#8221; theme_builder_area=&#8221;post_content&#8221;][et_pb_column _builder_version=&#8221;4.24.0&#8243; _module_preset=&#8221;default&#8221; type=&#8221;4_4&#8243; theme_builder_area=&#8221;post_content&#8221;][et_pb_gallery _builder_version=&#8221;4.24.0&#8243; _module_preset=&#8221;default&#8221; theme_builder_area=&#8221;post_content&#8221; gallery_ids=&#8221;6691,6690,6689,6688,6685,6684,6683,6682,6681,6676,6675,6670,6669,6668,6667,6665&#8243; hover_enabled=&#8221;0&#8243; sticky_enabled=&#8221;0&#8243;][\/et_pb_gallery][\/et_pb_column][\/et_pb_row][\/et_pb_section]\n","protected":false},"excerpt":{"rendered":"<p>CAP\u00cdTULO GENERAL DE LA MAESTRANZA DE CABALLER\u00cdA DE LA HABANA 24 de Febrero de 2024 EN MIAMI, FLORIDA&nbsp; &nbsp; &nbsp; &nbsp; En la magn\u00edfica residencia de S.E. D. Lu\u00eds de la Vega y de C\u00e1rdenas, Marqu\u00e9s de Almendares, de Bellavista y de Campo Florido, Teniente de Hermano Mayor de la Real Maestranza de Caballer\u00eda de [&hellip;]<\/p>\n","protected":false},"author":1,"featured_media":0,"parent":0,"menu_order":0,"comment_status":"closed","ping_status":"closed","template":"","meta":{"_et_pb_use_builder":"on","_et_pb_old_content":"","_et_gb_content_width":"","content-type":"","footnotes":""},"class_list":["post-6649","page","type-page","status-publish","hentry"],"yoast_head":"<!-- This site is optimized with the Yoast SEO plugin v27.5 - https:\/\/yoast.com\/product\/yoast-seo-wordpress\/ -->\n<title>CAP\u00cdTULO GENERAL DE LA MAESTRANZA DE CABALLER\u00cdA DE LA HABANA - Real Maestranza de Caballer\u00eda de La Habana<\/title>\n<meta name=\"description\" content=\"capitulo general de la maestranza de caballeria de la habana florida miami\" \/>\n<meta name=\"robots\" content=\"index, follow, max-snippet:-1, max-image-preview:large, max-video-preview:-1\" \/>\n<link rel=\"canonical\" href=\"https:\/\/www.rmch.es\/index.php\/capitulo-general-de-la-maestranza-de-caballeria-de-la-habana\/\" \/>\n<meta property=\"og:locale\" content=\"es_ES\" \/>\n<meta property=\"og:type\" content=\"article\" \/>\n<meta property=\"og:title\" content=\"CAP\u00cdTULO GENERAL DE LA MAESTRANZA DE CABALLER\u00cdA DE LA HABANA - Real Maestranza de Caballer\u00eda de La Habana\" \/>\n<meta property=\"og:description\" content=\"capitulo general de la maestranza de caballeria de la habana florida miami\" \/>\n<meta property=\"og:url\" content=\"https:\/\/www.rmch.es\/index.php\/capitulo-general-de-la-maestranza-de-caballeria-de-la-habana\/\" \/>\n<meta property=\"og:site_name\" content=\"Real Maestranza de Caballer\u00eda de La Habana\" \/>\n<meta property=\"article:modified_time\" content=\"2024-03-11T23:27:18+00:00\" \/>\n<meta name=\"twitter:card\" content=\"summary_large_image\" \/>\n<meta name=\"twitter:label1\" content=\"Tiempo de lectura\" \/>\n\t<meta name=\"twitter:data1\" content=\"8 minutos\" \/>\n<script type=\"application\/ld+json\" class=\"yoast-schema-graph\">{\"@context\":\"https:\\\/\\\/schema.org\",\"@graph\":[{\"@type\":\"WebPage\",\"@id\":\"https:\\\/\\\/www.rmch.es\\\/index.php\\\/capitulo-general-de-la-maestranza-de-caballeria-de-la-habana\\\/\",\"url\":\"https:\\\/\\\/www.rmch.es\\\/index.php\\\/capitulo-general-de-la-maestranza-de-caballeria-de-la-habana\\\/\",\"name\":\"CAP\u00cdTULO GENERAL DE LA MAESTRANZA DE CABALLER\u00cdA DE LA HABANA - Real Maestranza de Caballer\u00eda de La Habana\",\"isPartOf\":{\"@id\":\"https:\\\/\\\/www.rmch.es\\\/#website\"},\"datePublished\":\"2024-03-11T23:18:02+00:00\",\"dateModified\":\"2024-03-11T23:27:18+00:00\",\"description\":\"capitulo general de la maestranza de caballeria de la habana florida miami\",\"breadcrumb\":{\"@id\":\"https:\\\/\\\/www.rmch.es\\\/index.php\\\/capitulo-general-de-la-maestranza-de-caballeria-de-la-habana\\\/#breadcrumb\"},\"inLanguage\":\"es\",\"potentialAction\":[{\"@type\":\"ReadAction\",\"target\":[\"https:\\\/\\\/www.rmch.es\\\/index.php\\\/capitulo-general-de-la-maestranza-de-caballeria-de-la-habana\\\/\"]}]},{\"@type\":\"BreadcrumbList\",\"@id\":\"https:\\\/\\\/www.rmch.es\\\/index.php\\\/capitulo-general-de-la-maestranza-de-caballeria-de-la-habana\\\/#breadcrumb\",\"itemListElement\":[{\"@type\":\"ListItem\",\"position\":1,\"name\":\"Portada\",\"item\":\"https:\\\/\\\/www.rmch.es\\\/\"},{\"@type\":\"ListItem\",\"position\":2,\"name\":\"CAP\u00cdTULO GENERAL DE LA MAESTRANZA DE CABALLER\u00cdA DE LA HABANA\"}]},{\"@type\":\"WebSite\",\"@id\":\"https:\\\/\\\/www.rmch.es\\\/#website\",\"url\":\"https:\\\/\\\/www.rmch.es\\\/\",\"name\":\"Real Maestranza de Caballer\u00eda de La Habana\",\"description\":\"Real Maestranza de Caballer\u00eda de La Habana,\",\"publisher\":{\"@id\":\"https:\\\/\\\/www.rmch.es\\\/#organization\"},\"potentialAction\":[{\"@type\":\"SearchAction\",\"target\":{\"@type\":\"EntryPoint\",\"urlTemplate\":\"https:\\\/\\\/www.rmch.es\\\/?s={search_term_string}\"},\"query-input\":{\"@type\":\"PropertyValueSpecification\",\"valueRequired\":true,\"valueName\":\"search_term_string\"}}],\"inLanguage\":\"es\"},{\"@type\":\"Organization\",\"@id\":\"https:\\\/\\\/www.rmch.es\\\/#organization\",\"name\":\"Real Maestranza de Caballer\u00eda de La Habana\",\"url\":\"https:\\\/\\\/www.rmch.es\\\/\",\"logo\":{\"@type\":\"ImageObject\",\"inLanguage\":\"es\",\"@id\":\"https:\\\/\\\/www.rmch.es\\\/#\\\/schema\\\/logo\\\/image\\\/\",\"url\":\"https:\\\/\\\/www.rmch.es\\\/wp-content\\\/uploads\\\/2019\\\/11\\\/Emblem_of_the_Royal_Cavalry_Armory_of_Havana.svg_.png\",\"contentUrl\":\"https:\\\/\\\/www.rmch.es\\\/wp-content\\\/uploads\\\/2019\\\/11\\\/Emblem_of_the_Royal_Cavalry_Armory_of_Havana.svg_.png\",\"width\":500,\"height\":629,\"caption\":\"Real Maestranza de Caballer\u00eda de La Habana\"},\"image\":{\"@id\":\"https:\\\/\\\/www.rmch.es\\\/#\\\/schema\\\/logo\\\/image\\\/\"}}]}<\/script>\n<!-- \/ Yoast SEO plugin. -->","yoast_head_json":{"title":"CAP\u00cdTULO GENERAL DE LA MAESTRANZA DE CABALLER\u00cdA DE LA HABANA - Real Maestranza de Caballer\u00eda de La Habana","description":"capitulo general de la maestranza de caballeria de la habana florida miami","robots":{"index":"index","follow":"follow","max-snippet":"max-snippet:-1","max-image-preview":"max-image-preview:large","max-video-preview":"max-video-preview:-1"},"canonical":"https:\/\/www.rmch.es\/index.php\/capitulo-general-de-la-maestranza-de-caballeria-de-la-habana\/","og_locale":"es_ES","og_type":"article","og_title":"CAP\u00cdTULO GENERAL DE LA MAESTRANZA DE CABALLER\u00cdA DE LA HABANA - Real Maestranza de Caballer\u00eda de La Habana","og_description":"capitulo general de la maestranza de caballeria de la habana florida miami","og_url":"https:\/\/www.rmch.es\/index.php\/capitulo-general-de-la-maestranza-de-caballeria-de-la-habana\/","og_site_name":"Real Maestranza de Caballer\u00eda de La Habana","article_modified_time":"2024-03-11T23:27:18+00:00","twitter_card":"summary_large_image","twitter_misc":{"Tiempo de lectura":"8 minutos"},"schema":{"@context":"https:\/\/schema.org","@graph":[{"@type":"WebPage","@id":"https:\/\/www.rmch.es\/index.php\/capitulo-general-de-la-maestranza-de-caballeria-de-la-habana\/","url":"https:\/\/www.rmch.es\/index.php\/capitulo-general-de-la-maestranza-de-caballeria-de-la-habana\/","name":"CAP\u00cdTULO GENERAL DE LA MAESTRANZA DE CABALLER\u00cdA DE LA HABANA - Real Maestranza de Caballer\u00eda de La Habana","isPartOf":{"@id":"https:\/\/www.rmch.es\/#website"},"datePublished":"2024-03-11T23:18:02+00:00","dateModified":"2024-03-11T23:27:18+00:00","description":"capitulo general de la maestranza de caballeria de la habana florida miami","breadcrumb":{"@id":"https:\/\/www.rmch.es\/index.php\/capitulo-general-de-la-maestranza-de-caballeria-de-la-habana\/#breadcrumb"},"inLanguage":"es","potentialAction":[{"@type":"ReadAction","target":["https:\/\/www.rmch.es\/index.php\/capitulo-general-de-la-maestranza-de-caballeria-de-la-habana\/"]}]},{"@type":"BreadcrumbList","@id":"https:\/\/www.rmch.es\/index.php\/capitulo-general-de-la-maestranza-de-caballeria-de-la-habana\/#breadcrumb","itemListElement":[{"@type":"ListItem","position":1,"name":"Portada","item":"https:\/\/www.rmch.es\/"},{"@type":"ListItem","position":2,"name":"CAP\u00cdTULO GENERAL DE LA MAESTRANZA DE CABALLER\u00cdA DE LA HABANA"}]},{"@type":"WebSite","@id":"https:\/\/www.rmch.es\/#website","url":"https:\/\/www.rmch.es\/","name":"Real Maestranza de Caballer\u00eda de La Habana","description":"Real Maestranza de Caballer\u00eda de La Habana,","publisher":{"@id":"https:\/\/www.rmch.es\/#organization"},"potentialAction":[{"@type":"SearchAction","target":{"@type":"EntryPoint","urlTemplate":"https:\/\/www.rmch.es\/?s={search_term_string}"},"query-input":{"@type":"PropertyValueSpecification","valueRequired":true,"valueName":"search_term_string"}}],"inLanguage":"es"},{"@type":"Organization","@id":"https:\/\/www.rmch.es\/#organization","name":"Real Maestranza de Caballer\u00eda de La Habana","url":"https:\/\/www.rmch.es\/","logo":{"@type":"ImageObject","inLanguage":"es","@id":"https:\/\/www.rmch.es\/#\/schema\/logo\/image\/","url":"https:\/\/www.rmch.es\/wp-content\/uploads\/2019\/11\/Emblem_of_the_Royal_Cavalry_Armory_of_Havana.svg_.png","contentUrl":"https:\/\/www.rmch.es\/wp-content\/uploads\/2019\/11\/Emblem_of_the_Royal_Cavalry_Armory_of_Havana.svg_.png","width":500,"height":629,"caption":"Real Maestranza de Caballer\u00eda de La Habana"},"image":{"@id":"https:\/\/www.rmch.es\/#\/schema\/logo\/image\/"}}]}},"_links":{"self":[{"href":"https:\/\/www.rmch.es\/index.php\/wp-json\/wp\/v2\/pages\/6649","targetHints":{"allow":["GET"]}}],"collection":[{"href":"https:\/\/www.rmch.es\/index.php\/wp-json\/wp\/v2\/pages"}],"about":[{"href":"https:\/\/www.rmch.es\/index.php\/wp-json\/wp\/v2\/types\/page"}],"author":[{"embeddable":true,"href":"https:\/\/www.rmch.es\/index.php\/wp-json\/wp\/v2\/users\/1"}],"replies":[{"embeddable":true,"href":"https:\/\/www.rmch.es\/index.php\/wp-json\/wp\/v2\/comments?post=6649"}],"version-history":[{"count":18,"href":"https:\/\/www.rmch.es\/index.php\/wp-json\/wp\/v2\/pages\/6649\/revisions"}],"predecessor-version":[{"id":6721,"href":"https:\/\/www.rmch.es\/index.php\/wp-json\/wp\/v2\/pages\/6649\/revisions\/6721"}],"wp:attachment":[{"href":"https:\/\/www.rmch.es\/index.php\/wp-json\/wp\/v2\/media?parent=6649"}],"curies":[{"name":"wp","href":"https:\/\/api.w.org\/{rel}","templated":true}]}}